 of 67396?
6
What is the ten thousands digit of 17569?
1
What is the hundreds digit of 4469?
4
What is the units digit of 2442?
2
What is the units digit of 16111?
1
What is the units digit of 673?
3
What is the hundreds digit of 12997?
9
What is the units digit of 751?
1
What is the tens digit of 2276?
7
What is the units digit of 38532?
2
What is the tens digit of 25048?
4
What is the thousands digit of 100508?
0
What is the thousands digit of 15855?
5
What is the ten thousands digit of 12303?
1
What is the hundreds digit of 3167?
1
What is the thousands digit of 2162?
2
What is the ten thousands digit of 11716?
1
What is the thousands digit of 7232?
7
What is the hundreds digit of 1691?
6
What is the hundreds digit of 575?
5
What is the units digit of 75646?
6
What is the units digit of 5080?
0
What is the tens digit of 7397?
9
What is the thousands digit of 60805?
0
What is the hundreds digit of 3545?
5
What is the thousands digit of 20322?
0
What is the units digit of 20829?
9
What is the tens digit of 419?
1
What is the ten thousands digit of 11946?
1
What is the units digit of 1648?
8
What is the hundreds digit of 106435?
4
What is the thousands digit of 21385?
1
What is the hundreds digit of 1482?
4
What is the units digit of 17964?
4
What is the thousands digit of 3192?
3
What is the ten thousands digit of 27995?
2
What is the thousands digit of 36009?
6
What is the hundreds digit of 1546?
5
What is the hundreds digit of 144912?
9
What is the tens digit of 90?
9
What is the thousands digit of 1867?
1
What is the thousands digit of 8111?
8
What is the tens digit of 2205?
0
What is the thousands digit of 5567?
5
What is the thousands digit of 2070?
2
What is the ten thousands digit of 13414?
1
What is the tens digit of 62799?
9
What is the thousands digit of 6003?
6
What is the ten thousands digit of 25711?
2
What is the hundreds digit of 587?
5
What is the tens digit of 5993?
9
What is the thousands digit of 3289?
3
What is the units digit of 2043?
3
What is the hundreds digit of 74882?
8
What is the units digit of 85548?
8
What is the units digit of 698?
8
What is the hundreds digit of 4304?
3
What is the thousands digit of 58425?
8
What is the hundreds digit of 1036?
0
What is the units digit of 56781?
1
What is the thousands digit of 13697?
3
What is the units digit of 40390?
0
What is the units digit of 4996?
6
What is the ten thousands digit of 38644?
3
What is the ten thousands digit of 13793?
1
What is the units digit of 574?
4
What is the hundreds digit of 181?
1
What is the hundreds digit of 1675?
6
What is the units digit of 7371?
1
What is the units digit of 52520?
0
What is the hundreds digit of 14063?
0
What is the units digit of 3306?
6
What is the tens digit of 4342?
4
What is the thousands digit of 1357?
1
What is the units digit of 2066?
6
What is the tens digit of 30905?
0
What is the hundreds digit of 1058?
0
What is the units digit of 942?
2
What is the thousands digit of 3243?
3
What is the hundreds digit of 31246?
2
What is the units digit of 1027?
7
What is the hundreds digit of 21405?
4
What is the tens digit of 10202?
0
What is the thousands digit of 32293?
2
What is the thousands digit of 5088?
5
What is the tens digit of 14431?
3
What is the units digit of 87?
7
What is the tens digit of 8592?
9
What is the tens digit of 64642?
4
What is the units digit of 4510?
0
What is the ten thousands digit of 14440?
1
What is the hundreds digit of 10444?
4
What is the units digit of 110816?
6
What is the units digit of 733?
3
What is the hundreds digit of 2664?
6
What is the units digit of 2924?
4
What is the hundreds digit of 45397?
3
What is the hundreds digit of 11739?
7
What is the ten thousands digit of 33669?
3
What is the hundreds digit of 2900?
9
What is the hundreds digit of 51520?
5
What is the tens digit of 62672?
7
What is the thousands digit of 1137?
1
What is the tens digit of 5870?
7
What is the hundreds digit of 6404?
4
What is the ten thousands digit of 131166?
3
What is the hundreds digit of 85036?
0
What is the thousands digit of 7304?
7
What is the units digit of 103477?
7
What is the thousands digit of 29213?
9
What is the hundreds digit of 8248?
2
What is the tens digit of 2663?
6
What is the tens digit of 2247?
4
What is the hundreds digit of 8266?
2
What is the tens digit of 1008?
0
What is the thousands digit of 4012?
4
What is the ten thousands digit of 66556?
6
What is the tens digit of 298?
9
What is the thousands digit of 25417?
5
What is the tens digit of 8372?
7
What is the thousands digit of 62565?
2
What is the hundreds digit of 15276?
2
What is the tens digit of 46576?
7
What is the hundreds digit of 21588?
5
What is the hundreds digit of 1288?
2
What is the hundreds digit of 802?
8
What is the hundreds digit of 3991?
9
What is the thousands digit of 1513?
1
What is the units digit of 1136?
6
What is the units digit of 129?
9
What is the hundreds digit of 6190?
1
What is the thousands digit of 3834?
3
What is the thousands digit of 1257?
1
What is the hundreds digit of 14884?
8
What is the units digit of 1227?
7
What is the hundreds digit of 2949?
9
What is the ten thousands digit of 99872?
9
What is the units digit of 689?
9
What is the ten thousands digit of 14238?
1
What is the thousands digit of 1231?
1
What is the tens digit of 3665?
6
What is the hundreds digit of 2625?
6
What is the thousands digit of 46834?
6
What is the units digit of 687?
7
What is the hundreds digit of 1721?
7
What is the units digit of 31763?
3
What is the units digit of 22797?
7
What is the units digit of 6560?
0
What is the hundreds digit of 91903?
9
What is the thousands digit of 1557?
1
What is the hundreds digit of 2987?
9
What is the thousands digit of 117840?
7
What is the tens digit of 5189?
8
What is the thousands digit of 26182?
6
What is the units digit of 27011?
1
What is the units digit of 496?
6
What is the units digit of 1171?
1
What is the hundreds digit of 76770?
7
What is the hundreds digit of 5042?
0
What is the thousands digit of 5010?
5
What is the tens digit of 1968?
6
What is the tens digit of 2917?
1
What is the hundreds digit of 21710?
7
What is the hundreds digit of 19838?
8
What is the tens digit of 8308?
0
What is the hundreds digit of 784?
7
What is the tens digit of 75916?
1
What is the tens digit of 54?
5
What is the hundreds digit of 80458?
4
What is the tens digit of 1803?
0
What is the tens digit of 948?
4
What is the units digit of 830?
0
What is the ten thousands digit of 82930?
8
What is the hundreds digit of 2442?
4
What is the units digit of 219?
9
What is the tens digit of 488?
8
What is the hundreds digit of 13752?
7
What is the ten thousands digit of 76569?
7
What is the hundreds digit of 120313?
3
What is the hundreds digit of 102839?
8
What is the ten thousands digit of 14359?
1
What is the thousands digit of 1243?
1
What is the ten thousands digit of 85686?
8
What is the hundreds digit of 2597?
5
What is the hundreds digit of 311?
3
What is the units digit of 25557?
7
What is the hundreds digit of 7328?
3
What is the tens digit of 247?
4
What is the hundreds digit of 23590?
5
What is the hundreds digit of 733?
7
What is the tens digit of 9939?
3
What is the hundreds digit of 2505?
5
What is the thousands digit of 1810?
1
What is the units digit of 2944?
4
What is the ten thousands digit of 47136?
4
What is the ten thousands digit of 64234?
6
What is the units digit of 870?
0
What is the tens digit of 631?
3
What is the hundreds digit of 17206?
2
What is the thousands digit of 37924?
7
What is the tens digit of 1553?
5
What is the ten thousands digit of 17584?
1
What is the hundreds digit of 104536?
5
What is the hundreds digit of 41485?
4
What is the tens digit of 3630?
3
What is the thousands digit of 31354?
1
What is the hundreds digit of 2199?
1
What is the units digit of 12274?
4
What is the hundred thousands digit of 136074?
1
What is the units digit of 1956?
6
What is the thousands digit of 3717?
3
What is the hundreds digit of 304?
3
What is the tens digit of 11652?
5
What is the tens digit of 506?
0
What is the tens digit of 5337?
3
What is the hundreds digit of 3698?
6
What is the tens digit of 1155?
5
What is the tens digit of 8631?
3
What is the te